Last updated on 2025-10-22 01:51:44 CEST.
Flavor | Version | Tinstall | Tcheck | Ttotal | Status | Flags |
---|---|---|---|---|---|---|
r-devel-linux-x86_64-debian-clang | 0.4.3 | 11.49 | 87.45 | 98.94 | NOTE | |
r-devel-linux-x86_64-debian-gcc | 0.4.3 | 6.97 | 60.95 | 67.92 | NOTE | |
r-devel-linux-x86_64-fedora-clang | 0.4.3 | 64.00 | 94.96 | 158.96 | OK | |
r-devel-linux-x86_64-fedora-gcc | 0.4.3 | 21.00 | 119.02 | 140.02 | OK | |
r-devel-windows-x86_64 | 0.4.3 | 12.00 | 85.00 | 97.00 | OK | |
r-patched-linux-x86_64 | 0.4.3 | 10.17 | 80.01 | 90.18 | OK | |
r-release-linux-x86_64 | 0.4.3 | 10.71 | 79.00 | 89.71 | OK | |
r-release-macos-arm64 | 0.4.3 | 5.00 | 29.00 | 34.00 | OK | |
r-release-macos-x86_64 | 0.4.3 | 9.00 | 68.00 | 77.00 | OK | |
r-release-windows-x86_64 | 0.4.3 | 13.00 | 87.00 | 100.00 | OK | |
r-oldrel-macos-arm64 | 0.4.3 | 4.00 | 32.00 | 36.00 | OK | |
r-oldrel-macos-x86_64 | 0.4.3 | 10.00 | 47.00 | 57.00 | OK | |
r-oldrel-windows-x86_64 | 0.4.3 | 16.00 | 110.00 | 126.00 | OK |
Version: 0.4.3
Check: HTML version of manual
Result: NOTE
Found the following HTML validation problems:
corr.html:46:1 (corr.Rd:10): Warning: missing </ul> before </div>
derivative.html:50:1 (derivative.Rd:12): Warning: missing </ul> before </div>
epitimes.html:54:1 (epitimes.Rd:14): Warning: missing </ul> before </div>
jagsfilter.html:46:1 (jagsfilter.Rd:10): Warning: missing </ul> before </div>
logcorr.html:46:1 (logcorr.Rd:10): Warning: missing </ul> before </div>
mcmcestpars.html:123:1 (mcmcestpars.Rd:58): Warning: missing </ul> before </div>
mcmctsir.html:164:1 (mcmctsir.Rd:84): Warning: missing </ul> before </div>
plotbeta.html:46:1 (plotbeta.Rd:10): Warning: missing </ul> before </div>
plotbreaks.html:50:1 (plotbreaks.Rd:12): Warning: missing </ul> before </div>
plotcases.html:46:1 (plotcases.Rd:10): Warning: missing </ul> before </div>
plotcomp.html:54:1 (plotcomp.Rd:14): Warning: missing </ul> before </div>
plotdata.html:46:1 (plotdata.Rd:10): Warning: missing </ul> before </div>
plotforward.html:50:1 (plotforward.Rd:12): Warning: missing </ul> before </div>
plotregression.html:46:1 (plotregression.Rd:10): Warning: missing </ul> before </div>
plotres.html:50:1 (plotres.Rd:12): Warning: missing </ul> before </div>
plotrho.html:46:1 (plotrho.Rd:10): Warning: missing </ul> before </div>
plotsbar.html:46:1 (plotsbar.Rd:10): Warning: missing </ul> before </div>
residual.births.html:54:1 (residual.births.Rd:14): Warning: missing </ul> before </div>
residual.cases.html:50:1 (residual.cases.Rd:12): Warning: missing </ul> before </div>
simulatetsir.html:101:1 (simulatetsir.Rd:45): Warning: missing </ul> before </div>
tsiRdata.html:62:1 (tsiRdata.Rd:18): Warning: missing </ul> before </div>
vplayout.html:50:1 (vplayout.Rd:12): Warning: missing </ul> before </div>
Flavors: r-devel-linux-x86_64-debian-clang, r-devel-linux-x86_64-debian-gcc