Last updated on 2025-07-24 02:52:29 CEST.
Flavor | Version | Tinstall | Tcheck | Ttotal | Status | Flags |
---|---|---|---|---|---|---|
r-devel-linux-x86_64-debian-clang | 0.13.2.1 | 4.84 | 19.76 | 24.60 | NOTE | |
r-devel-linux-x86_64-debian-gcc | 0.13.2.2 | 3.93 | 16.72 | 20.65 | NOTE | |
r-devel-linux-x86_64-fedora-clang | 0.13.2.2 | 39.49 | OK | |||
r-devel-linux-x86_64-fedora-gcc | 0.13.2.2 | 36.29 | OK | |||
r-devel-windows-x86_64 | 0.13.2.1 | 5.00 | 41.00 | 46.00 | OK | |
r-patched-linux-x86_64 | 0.13.2.2 | 4.05 | 18.84 | 22.89 | OK | |
r-release-linux-x86_64 | 0.13.2.1 | 3.91 | 18.47 | 22.38 | NOTE | |
r-release-macos-arm64 | 0.13.2.1 | 23.00 | OK | |||
r-release-macos-x86_64 | 0.13.2.2 | 48.00 | OK | |||
r-release-windows-x86_64 | 0.13.2.2 | 7.00 | 40.00 | 47.00 | OK | |
r-oldrel-macos-arm64 | 0.13.2.1 | 20.00 | OK | |||
r-oldrel-macos-x86_64 | 0.13.2.2 | 49.00 | OK | |||
r-oldrel-windows-x86_64 | 0.13.2.2 | 8.00 | 45.00 | 53.00 | OK |
Version: 0.13.2.1
Check: DESCRIPTION meta-information
Result: NOTE
Maintainer field differs from that derived from Authors@R
Maintainer: ‘ORPHANED’
Authors@R: ‘James Hiebert <hiebert@uvic.ca>’
Flavor: r-devel-linux-x86_64-debian-clang
Version: 0.13.2.1
Check: top-level files
Result: NOTE
possible bashism in configure.ac line 34 (should be 'b = a'):
dnl if test "${ac_cv_lib_expat_XML_ParserCreate}" == yes; then
Flavors: r-devel-linux-x86_64-debian-clang, r-release-linux-x86_64
Version: 0.13.2.2
Check: DESCRIPTION meta-information
Result: NOTE
Maintainer field differs from that derived from Authors@R
Maintainer: ‘ORPHANED’
Authors@R: ‘James Hiebert <hiebert@uvic.ca>’
Flavor: r-devel-linux-x86_64-debian-gcc