Last updated on 2025-11-20 03:50:28 CET.
| Flavor | Version | Tinstall | Tcheck | Ttotal | Status | Flags |
|---|---|---|---|---|---|---|
| r-devel-linux-x86_64-debian-clang | 0.9.0 | 22.17 | 51.99 | 74.16 | NOTE | |
| r-devel-linux-x86_64-debian-gcc | 0.9.0 | 15.44 | 38.83 | 54.27 | NOTE | |
| r-devel-linux-x86_64-fedora-clang | 0.9.0 | 36.00 | 90.16 | 126.16 | NOTE | |
| r-devel-linux-x86_64-fedora-gcc | 0.9.0 | 52.00 | 78.01 | 130.01 | NOTE | |
| r-devel-windows-x86_64 | 0.9.0 | 32.00 | 87.00 | 119.00 | NOTE | |
| r-patched-linux-x86_64 | 0.9.0 | 23.71 | 50.84 | 74.55 | NOTE | |
| r-release-linux-x86_64 | 0.9.0 | 24.09 | 50.79 | 74.88 | NOTE | |
| r-release-macos-arm64 | 0.9.0 | NOTE | ||||
| r-release-macos-x86_64 | 0.9.0 | 15.00 | 64.00 | 79.00 | NOTE | |
| r-release-windows-x86_64 | 0.9.0 | 28.00 | 83.00 | 111.00 | NOTE | |
| r-oldrel-macos-arm64 | 0.9.0 | NOTE | ||||
| r-oldrel-macos-x86_64 | 0.9.0 | 11.00 | 48.00 | 59.00 | NOTE | |
| r-oldrel-windows-x86_64 | 0.9.0 | 34.00 | 107.00 | 141.00 | NOTE |
Version: 0.9.0
Check: CRAN incoming feasibility
Result: NOTE
Maintainer: ‘Guo Yu <gy63@cornell.edu>’
The Description field contains
Bien (2016) and is available at <https://arxiv.org/abs/1604.07451>.
Please refer to arXiv e-prints via their arXiv DOI <doi:10.48550/arXiv.YYMM.NNNNN>.
Flavors: r-devel-linux-x86_64-debian-clang, r-devel-linux-x86_64-debian-gcc
Version: 0.9.0
Check: Rd files
Result: NOTE
checkRd: (-1) sample_gen.Rd:18: Lost braces; missing escapes or markup?
18 | Generate \code{n} random samples from multivariate Gaussian distribution N(0, (L^TL)^{-1})
| ^
Flavors: r-devel-linux-x86_64-debian-clang, r-devel-linux-x86_64-debian-gcc, r-devel-linux-x86_64-fedora-clang, r-devel-linux-x86_64-fedora-gcc, r-devel-windows-x86_64, r-patched-linux-x86_64, r-release-linux-x86_64, r-release-macos-arm64, r-release-macos-x86_64, r-release-windows-x86_64, r-oldrel-macos-arm64, r-oldrel-macos-x86_64, r-oldrel-windows-x86_64
Version: 0.9.0
Check: compiled code
Result: NOTE
File ‘varband/libs/varband.so’:
Found no calls to: ‘R_registerRoutines’, ‘R_useDynamicSymbols’
It is good practice to register native routines and to disable symbol
search.
See ‘Writing portable packages’ in the ‘Writing R Extensions’ manual.
Flavors: r-devel-linux-x86_64-fedora-clang, r-devel-linux-x86_64-fedora-gcc
Version: 0.9.0
Check: LazyData
Result: NOTE
'LazyData' is specified without a 'data' directory
Flavors: r-oldrel-macos-arm64, r-oldrel-macos-x86_64, r-oldrel-windows-x86_64