Last updated on 2025-10-27 02:49:41 CET.
| Flavor | Version | Tinstall | Tcheck | Ttotal | Status | Flags |
|---|---|---|---|---|---|---|
| r-devel-linux-x86_64-debian-clang | 0.1.0 | 2.58 | 31.65 | 34.23 | OK | |
| r-devel-linux-x86_64-debian-gcc | 0.1.0 | 2.05 | 24.05 | 26.10 | OK | |
| r-devel-linux-x86_64-fedora-clang | 0.1.0 | 50.34 | NOTE | |||
| r-devel-linux-x86_64-fedora-gcc | 0.1.0 | 47.67 | NOTE | |||
| r-devel-windows-x86_64 | 0.1.0 | 4.00 | 50.00 | 54.00 | OK | |
| r-patched-linux-x86_64 | 0.1.0 | 2.39 | 29.07 | 31.46 | OK | |
| r-release-linux-x86_64 | 0.1.0 | 2.49 | 29.56 | 32.05 | OK | |
| r-release-macos-arm64 | 0.1.0 | 1.00 | 21.00 | 22.00 | OK | |
| r-release-macos-x86_64 | 0.1.0 | 2.00 | 30.00 | 32.00 | OK | |
| r-release-windows-x86_64 | 0.1.0 | 5.00 | 51.00 | 56.00 | OK | |
| r-oldrel-macos-arm64 | 0.1.0 | 1.00 | 19.00 | 20.00 | OK | |
| r-oldrel-macos-x86_64 | 0.1.0 | 2.00 | 30.00 | 32.00 | OK | |
| r-oldrel-windows-x86_64 | 0.1.0 | 6.00 | 60.00 | 66.00 | OK |
Version: 0.1.0
Check: dependencies in R code
Result: NOTE
Namespace in Imports field not imported from: ‘pander’
All declared Imports should be used.
Flavors: r-devel-linux-x86_64-fedora-clang, r-devel-linux-x86_64-fedora-gcc