CRAN Package Check Results for Package webshot2

Last updated on 2025-10-23 02:50:17 CEST.

Flavor Version Tinstall Tcheck Ttotal Status Flags
r-devel-linux-x86_64-debian-clang 0.1.2 3.72 32.80 36.52 NOTE
r-devel-linux-x86_64-debian-gcc 0.1.2 2.81 26.16 28.97 NOTE
r-devel-linux-x86_64-fedora-clang 0.1.2 29.00 28.92 57.92 OK
r-devel-linux-x86_64-fedora-gcc 0.1.2 29.00 25.60 54.60 OK
r-devel-windows-x86_64 0.1.2 5.00 49.00 54.00 OK
r-patched-linux-x86_64 0.1.2 3.56 30.74 34.30 OK
r-release-linux-x86_64 0.1.2 3.42 30.66 34.08 OK
r-release-macos-arm64 0.1.2 2.00 19.00 21.00 OK
r-release-macos-x86_64 0.1.2 3.00 30.00 33.00 OK
r-release-windows-x86_64 0.1.2 5.00 57.00 62.00 OK
r-oldrel-macos-arm64 0.1.2 4.00 23.00 27.00 OK
r-oldrel-macos-x86_64 0.1.2 4.00 43.00 47.00 OK
r-oldrel-windows-x86_64 0.1.2 6.00 57.00 63.00 OK

Check Details

Version: 0.1.2
Check: DESCRIPTION meta-information
Result: NOTE Author field differs from that derived from Authors@R Author: ‘Winston Chang [aut, cre], Barret Schloerke [ctb] (<https://orcid.org/0000-0001-9986-114X>), Posit Software, PBC [cph, fnd] (03wc8by49)’ Authors@R: ‘Winston Chang [aut, cre], Barret Schloerke [ctb] (ORCID: <https://orcid.org/0000-0001-9986-114X>), Posit Software, PBC [cph, fnd] (ROR: <https://ror.org/03wc8by49>)’ Flavors: r-devel-linux-x86_64-debian-clang, r-devel-linux-x86_64-debian-gcc