Last updated on 2025-10-21 01:48:52 CEST.
Flavor | Version | Tinstall | Tcheck | Ttotal | Status | Flags |
---|---|---|---|---|---|---|
r-devel-linux-x86_64-debian-clang | 0.6.0 | 7.44 | 152.65 | 160.09 | OK | |
r-devel-linux-x86_64-debian-gcc | 0.6.0 | 5.66 | 94.31 | 99.97 | NOTE | |
r-devel-linux-x86_64-fedora-clang | 0.6.0 | 265.06 | OK | |||
r-devel-linux-x86_64-fedora-gcc | 0.6.0 | 254.11 | OK | |||
r-devel-windows-x86_64 | 0.6.0 | 11.00 | 143.00 | 154.00 | OK | |
r-patched-linux-x86_64 | 0.6.0 | 9.17 | 142.73 | 151.90 | OK | |
r-release-linux-x86_64 | 0.6.0 | 6.94 | 142.86 | 149.80 | OK | |
r-release-macos-arm64 | 0.6.0 | 73.00 | OK | |||
r-release-macos-x86_64 | 0.6.0 | 139.00 | OK | |||
r-release-windows-x86_64 | 0.6.0 | 10.00 | 148.00 | 158.00 | OK | |
r-oldrel-macos-arm64 | 0.6.0 | 61.00 | OK | |||
r-oldrel-macos-x86_64 | 0.6.0 | 98.00 | OK | |||
r-oldrel-windows-x86_64 | 0.6.0 | 14.00 | 188.00 | 202.00 | OK |
Version: 0.6.0
Check: HTML version of manual
Result: NOTE
Found the following HTML validation problems:
params.html:281:1 (params.Rd:134): Warning: missing </ul> before </div>
ypr_population_update.html:50:1 (ypr_population_update.Rd:12): Warning: missing </ul> before </div>
Flavor: r-devel-linux-x86_64-debian-gcc