CRAN Package Check Results for Package ADAPTS

Last updated on 2020-07-13 19:48:15 CEST.

Flavor Version Tinstall Tcheck Ttotal Status Flags
r-devel-linux-x86_64-debian-clang 0.9.26 4.57 78.33 82.90 OK
r-devel-linux-x86_64-debian-gcc 0.9.26 3.53 59.56 63.09 OK
r-devel-linux-x86_64-fedora-clang 0.9.26 113.96 OK
r-devel-linux-x86_64-fedora-gcc 0.9.26 105.34 OK
r-devel-windows-ix86+x86_64 0.9.26 14.00 106.00 120.00 OK
r-patched-linux-x86_64 0.9.26 3.74 77.65 81.39 OK
r-patched-solaris-x86 0.9.26 130.50 OK
r-release-linux-x86_64 0.9.26 3.48 76.78 80.26 OK
r-release-macos-x86_64 0.9.26 ERROR
r-release-windows-ix86+x86_64 0.9.26 22.00 139.00 161.00 OK
r-oldrel-macos-x86_64 0.9.26 ERROR
r-oldrel-windows-ix86+x86_64 0.9.26 10.00 91.00 101.00 OK

Check Details

Version: 0.9.26
Check: package dependencies
Result: ERROR
    Package required but not available: ‘DeconRNASeq’
    
    See section ‘The DESCRIPTION file’ in the ‘Writing R Extensions’
    manual.
Flavor: r-release-macos-x86_64

Version: 0.9.26
Check: package dependencies
Result: ERROR
    Packages required but not available: 'WGCNA', 'DeconRNASeq'
    
    See section ‘The DESCRIPTION file’ in the ‘Writing R Extensions’
    manual.
Flavor: r-oldrel-macos-x86_64