CRAN Package Check Results for Package ADPclust

Last updated on 2020-01-22 11:50:07 CET.

Flavor Version Tinstall Tcheck Ttotal Status Flags
r-devel-linux-x86_64-debian-clang 0.7 3.43 60.05 63.48 OK
r-devel-linux-x86_64-debian-gcc 0.7 2.52 43.19 45.71 OK
r-devel-linux-x86_64-fedora-clang 0.7 82.69 NOTE
r-devel-linux-x86_64-fedora-gcc 0.7 75.34 NOTE
r-devel-windows-ix86+x86_64 0.7 11.00 104.00 115.00 OK
r-devel-windows-ix86+x86_64-gcc8 0.7 14.00 123.00 137.00 OK
r-patched-linux-x86_64 0.7 2.77 57.86 60.63 OK
r-patched-solaris-x86 0.7 127.70 NOTE
r-release-linux-x86_64 0.7 2.65 57.71 60.36 OK
r-release-windows-ix86+x86_64 0.7 7.00 93.00 100.00 OK
r-release-osx-x86_64 0.7 NOTE
r-oldrel-windows-ix86+x86_64 0.7 5.00 89.00 94.00 OK
r-oldrel-osx-x86_64 0.7 NOTE

Check Details

Version: 0.7
Check: dependencies in R code
Result: NOTE
    Namespaces in Imports field not imported from:
     ‘fields’ ‘knitr’
     All declared Imports should be used.
Flavors: r-devel-linux-x86_64-fedora-clang, r-devel-linux-x86_64-fedora-gcc, r-patched-solaris-x86, r-release-osx-x86_64, r-oldrel-osx-x86_64