CRAN Package Check Results for Package AdhereR

Last updated on 2020-03-29 15:50:42 CEST.

Flavor Version Tinstall Tcheck Ttotal Status Flags
r-devel-linux-x86_64-debian-clang 0.5 OK
r-devel-linux-x86_64-debian-gcc 0.5 17.31 117.18 134.49 OK
r-devel-linux-x86_64-fedora-clang 0.5 165.87 OK
r-devel-linux-x86_64-fedora-gcc 0.5 158.65 OK
r-devel-windows-ix86+x86_64 0.5 40.00 139.00 179.00 OK
r-devel-windows-ix86+x86_64-gcc8 0.5 39.00 134.00 173.00 OK
r-patched-linux-x86_64 0.5 19.35 137.56 156.91 OK
r-patched-solaris-x86 0.5 222.90 NOTE
r-release-linux-x86_64 0.5 16.65 130.72 147.37 OK
r-release-windows-ix86+x86_64 0.5 64.00 189.00 253.00 OK
r-release-osx-x86_64 0.5 OK
r-oldrel-windows-ix86+x86_64 0.5 41.00 183.00 224.00 OK
r-oldrel-osx-x86_64 0.5 OK

Check Details

Version: 0.5
Check: installed package size
Result: NOTE
     installed size is 5.2Mb
     sub-directories of 1Mb or more:
     doc 2.8Mb
Flavor: r-patched-solaris-x86