CRAN Package Check Results for Package AutoPipe

Last updated on 2019-12-12 23:53:04 CET.

Flavor Version Tinstall Tcheck Ttotal Status Flags
r-devel-linux-x86_64-debian-clang 0.1.6 15.96 133.76 149.72 OK
r-devel-linux-x86_64-debian-gcc 0.1.6 13.95 98.89 112.84 OK
r-devel-linux-x86_64-fedora-clang 0.1.6 184.80 OK
r-devel-linux-x86_64-fedora-gcc 0.1.6 167.57 OK
r-devel-windows-ix86+x86_64 0.1.6 26.00 121.00 147.00 OK
r-devel-windows-ix86+x86_64-gcc8 0.1.6 34.00 180.00 214.00 OK
r-patched-linux-x86_64 0.1.6 13.05 114.91 127.96 OK
r-patched-solaris-x86 0.1.6 227.50 OK
r-release-linux-x86_64 0.1.6 12.35 111.85 124.20 OK
r-release-windows-ix86+x86_64 0.1.6 29.00 117.00 146.00 OK
r-release-osx-x86_64 0.1.6 ERROR
r-oldrel-windows-ix86+x86_64 0.1.6 19.00 117.00 136.00 OK
r-oldrel-osx-x86_64 0.1.6 ERROR

Check Details

Version: 0.1.6
Check: package dependencies
Result: ERROR
    Packages required but not available:
     'org.Hs.eg.db', 'ConsensusClusterPlus', 'clusterProfiler'
    
    See section ‘The DESCRIPTION file’ in the ‘Writing R Extensions’
    manual.
Flavor: r-release-osx-x86_64

Version: 0.1.6
Check: package dependencies
Result: ERROR
    Packages required but not available:
     ‘fgsea’ ‘ConsensusClusterPlus’ ‘clusterProfiler’
    
    See section ‘The DESCRIPTION file’ in the ‘Writing R Extensions’
    manual.
Flavor: r-oldrel-osx-x86_64