CRAN Package Check Results for Package AzureStor

Last updated on 2020-06-06 03:48:21 CEST.

Flavor Version Tinstall Tcheck Ttotal Status Flags
r-devel-linux-x86_64-debian-clang 3.2.0 6.83 39.57 46.40 OK
r-devel-linux-x86_64-debian-gcc 3.2.0 4.38 31.34 35.72 OK
r-devel-linux-x86_64-fedora-clang 3.2.1 63.83 NOTE
r-devel-linux-x86_64-fedora-gcc 3.2.1 36.84 NOTE
r-devel-windows-ix86+x86_64 3.2.0 19.00 69.00 88.00 OK
r-patched-linux-x86_64 3.2.0 5.25 39.85 45.10 OK
r-patched-solaris-x86 3.2.1 76.40 NOTE
r-release-linux-x86_64 3.2.0 6.05 39.92 45.97 OK
r-release-osx-x86_64 3.2.0 NOTE
r-release-windows-ix86+x86_64 3.2.0 20.00 72.00 92.00 OK
r-oldrel-osx-x86_64 3.2.0 NOTE
r-oldrel-windows-ix86+x86_64 3.2.1 11.00 55.00 66.00 OK

Check Details

Version: 3.2.1
Check: dependencies in R code
Result: NOTE
    Namespace in Imports field not imported from: ‘R6’
     All declared Imports should be used.
Flavors: r-devel-linux-x86_64-fedora-clang, r-devel-linux-x86_64-fedora-gcc, r-patched-solaris-x86

Version: 3.2.0
Check: dependencies in R code
Result: NOTE
    Namespace in Imports field not imported from: ‘R6’
     All declared Imports should be used.
Flavors: r-release-osx-x86_64, r-oldrel-osx-x86_64