CRAN Package Check Results for Package BaTFLED3D

Last updated on 2020-03-30 19:49:15 CEST.

Flavor Version Tinstall Tcheck Ttotal Status Flags
r-devel-linux-x86_64-debian-clang 0.2.11 9.56 123.08 132.64 OK
r-devel-linux-x86_64-debian-gcc 0.2.11 10.17 90.00 100.17 OK
r-devel-linux-x86_64-fedora-clang 0.2.11 154.37 OK
r-devel-linux-x86_64-fedora-gcc 0.2.11 154.55 OK
r-devel-windows-ix86+x86_64 0.2.11 17.00 106.00 123.00 NOTE
r-devel-windows-ix86+x86_64-gcc8 0.2.11 14.00 116.00 130.00 NOTE
r-patched-linux-x86_64 0.2.11 10.53 119.61 130.14 OK
r-patched-solaris-x86 0.2.11 193.60 OK
r-release-linux-x86_64 0.2.11 8.92 107.06 115.98 OK
r-release-windows-ix86+x86_64 0.2.11 20.00 164.00 184.00 NOTE
r-release-osx-x86_64 0.2.11 OK
r-oldrel-windows-ix86+x86_64 0.2.11 17.00 173.00 190.00 NOTE
r-oldrel-osx-x86_64 0.2.11 OK

Check Details

Version: 0.2.11
Check: package dependencies
Result: NOTE
    Package suggested but not available for checking: 'doMC'
Flavors: r-devel-windows-ix86+x86_64, r-devel-windows-ix86+x86_64-gcc8, r-release-windows-ix86+x86_64, r-oldrel-windows-ix86+x86_64