CRAN Package Check Results for Package BatchGetSymbols

Last updated on 2020-07-13 23:49:16 CEST.

Flavor Version Tinstall Tcheck Ttotal Status Flags
r-devel-linux-x86_64-debian-clang 2.5.7 4.70 46.08 50.78 OK
r-devel-linux-x86_64-debian-gcc 2.5.7 3.55 35.28 38.83 OK
r-devel-linux-x86_64-fedora-clang 2.5.7 68.55 OK
r-devel-linux-x86_64-fedora-gcc 2.5.7 61.55 OK
r-devel-windows-ix86+x86_64 2.5.7 13.00 67.00 80.00 OK
r-patched-linux-x86_64 2.5.7 3.91 44.93 48.84 OK
r-patched-solaris-x86 2.5.7 86.60 OK
r-release-linux-x86_64 2.5.7 4.30 44.81 49.11 OK
r-release-macos-x86_64 2.5.7 ERROR
r-release-windows-ix86+x86_64 2.5.7 17.00 94.00 111.00 OK
r-oldrel-macos-x86_64 2.5.7 OK
r-oldrel-windows-ix86+x86_64 2.5.7 16.00 65.00 81.00 OK

Check Details

Version: 2.5.7
Check: whether package can be installed
Result: ERROR
    Installation failed.
Flavor: r-release-macos-x86_64