CRAN Package Check Results for Package CBDA

Last updated on 2020-04-08 19:49:08 CEST.

Flavor Version Tinstall Tcheck Ttotal Status Flags
r-devel-linux-x86_64-debian-clang 1.0.0 4.56 291.51 296.07 OK
r-devel-linux-x86_64-debian-gcc 1.0.0 3.84 237.70 241.54 OK
r-devel-linux-x86_64-fedora-clang 1.0.0 323.54 NOTE
r-devel-linux-x86_64-fedora-gcc 1.0.0 401.11 NOTE
r-devel-windows-ix86+x86_64 1.0.0 10.00 247.00 257.00 OK
r-devel-windows-ix86+x86_64-gcc8 1.0.0 7.00 246.00 253.00 OK
r-patched-linux-x86_64 1.0.0 4.55 274.35 278.90 OK
r-patched-solaris-x86 1.0.0 684.80 NOTE
r-release-linux-x86_64 1.0.0 3.54 262.70 266.24 OK
r-release-windows-ix86+x86_64 1.0.0 9.00 304.00 313.00 OK
r-release-osx-x86_64 1.0.0 NOTE
r-oldrel-windows-ix86+x86_64 1.0.0 9.00 314.00 323.00 OK
r-oldrel-osx-x86_64 1.0.0 NOTE

Check Details

Version: 1.0.0
Check: dependencies in R code
Result: NOTE
    Namespace in Imports field not imported from: ‘prettydoc’
     All declared Imports should be used.
Flavors: r-devel-linux-x86_64-fedora-clang, r-devel-linux-x86_64-fedora-gcc, r-patched-solaris-x86, r-release-osx-x86_64, r-oldrel-osx-x86_64