CRAN Package Check Results for Package CaPO4Sim

Last updated on 2020-06-06 03:48:23 CEST.

Flavor Version Tinstall Tcheck Ttotal Status Flags
r-devel-linux-x86_64-debian-clang 0.1.0 6.77 37.08 43.85 OK
r-devel-linux-x86_64-debian-gcc 0.1.0 4.98 29.35 34.33 OK
r-devel-linux-x86_64-fedora-clang 0.1.0 61.34 NOTE
r-devel-linux-x86_64-fedora-gcc 0.1.0 51.05 NOTE
r-devel-windows-ix86+x86_64 0.1.0 25.00 70.00 95.00 OK
r-patched-linux-x86_64 0.1.0 7.09 37.10 44.19 OK
r-patched-solaris-x86 0.1.0 77.00 NOTE
r-release-linux-x86_64 0.1.0 7.13 36.95 44.08 OK
r-release-osx-x86_64 0.1.0 NOTE
r-release-windows-ix86+x86_64 0.1.0 22.00 72.00 94.00 OK
r-oldrel-osx-x86_64 0.1.0 NOTE
r-oldrel-windows-ix86+x86_64 0.1.0 20.00 71.00 91.00 OK

Check Details

Version: 0.1.0
Check: dependencies in R code
Result: NOTE
    Namespace in Imports field not imported from: ‘htmltools’
     All declared Imports should be used.
Flavors: r-devel-linux-x86_64-fedora-clang, r-devel-linux-x86_64-fedora-gcc, r-patched-solaris-x86, r-release-osx-x86_64, r-oldrel-osx-x86_64