CRAN Package Check Results for Package Cascade

Last updated on 2020-07-14 03:47:39 CEST.

Flavor Version Tinstall Tcheck Ttotal Status Flags
r-devel-linux-x86_64-debian-clang 1.8 11.47 109.99 121.46 OK
r-devel-linux-x86_64-debian-gcc 1.8 11.06 85.74 96.80 OK
r-devel-linux-x86_64-fedora-clang 1.8 163.67 OK
r-devel-linux-x86_64-fedora-gcc 1.8 159.98 OK
r-devel-windows-ix86+x86_64 1.8 21.00 141.00 162.00 OK
r-patched-linux-x86_64 1.8 11.17 108.83 120.00 OK
r-patched-solaris-x86 1.8 202.10 OK
r-release-linux-x86_64 1.8 11.42 110.87 122.29 OK
r-release-macos-x86_64 1.8 ERROR
r-release-windows-ix86+x86_64 1.8 33.00 165.00 198.00 OK
r-oldrel-macos-x86_64 1.8 OK
r-oldrel-windows-ix86+x86_64 1.8 29.00 159.00 188.00 OK

Check Details

Version: 1.8
Check: whether package can be installed
Result: ERROR
    Installation failed.
Flavor: r-release-macos-x86_64