CRAN Package Check Results for Package ClimMobTools

Last updated on 2020-05-30 07:49:17 CEST.

Flavor Version Tinstall Tcheck Ttotal Status Flags
r-devel-linux-x86_64-debian-clang 0.3.5 8.29 69.67 77.96 OK
r-devel-linux-x86_64-debian-gcc 0.3.5 7.72 54.58 62.30 OK
r-devel-linux-x86_64-fedora-clang 0.3.5 56.90 OK
r-devel-linux-x86_64-fedora-gcc 0.3.5 95.22 OK
r-devel-windows-ix86+x86_64 0.3.5 28.00 110.00 138.00 OK
r-patched-linux-x86_64 0.3.5 9.10 69.67 78.77 OK
r-patched-solaris-x86 0.3.5 153.60 OK
r-release-linux-x86_64 0.3.5 10.00 68.97 78.97 OK
r-release-osx-x86_64 0.3.5 ERROR
r-release-windows-ix86+x86_64 0.3.5 19.00 79.00 98.00 OK
r-oldrel-osx-x86_64 0.3.5 OK
r-oldrel-windows-ix86+x86_64 0.3.5 16.00 80.00 96.00 OK

Check Details

Version: 0.3.5
Check: whether the package can be loaded
Result: ERROR
    Loading this package had a fatal error status code 1
    Loading log:
    Loading required package: climatrends
    Loading required package: PlackettLuce
    Error: package or namespace load failed for ‘ClimMobTools’ in loadNamespace(j <- i[[1L]], c(lib.loc, .libPaths()), versionCheck = vI[[j]]):
     there is no package called ‘jsonlite’
    Execution halted
Flavor: r-release-osx-x86_64