CRAN Package Check Results for Package DAISIE

Last updated on 2020-05-31 11:46:44 CEST.

Flavor Version Tinstall Tcheck Ttotal Status Flags
r-devel-linux-x86_64-debian-clang 1.4 6.22 68.00 74.22 OK
r-devel-linux-x86_64-debian-gcc 1.4 5.77 51.55 57.32 OK
r-devel-linux-x86_64-fedora-clang 1.4 94.73 NOTE
r-devel-linux-x86_64-fedora-gcc 1.4 87.79 NOTE
r-devel-windows-ix86+x86_64 1.4 17.00 134.00 151.00 OK
r-patched-linux-x86_64 1.4 6.59 67.98 74.57 OK
r-patched-solaris-x86 1.4 163.80 NOTE
r-release-linux-x86_64 1.4 6.61 66.90 73.51 OK
r-release-osx-x86_64 1.4 NOTE
r-release-windows-ix86+x86_64 1.4 11.00 103.00 114.00 OK
r-oldrel-osx-x86_64 1.4 NOTE
r-oldrel-windows-ix86+x86_64 1.4 10.00 79.00 89.00 OK

Check Details

Version: 1.4
Check: dependencies in R code
Result: NOTE
    Namespace in Imports field not imported from: ‘Matrix’
     All declared Imports should be used.
Flavors: r-devel-linux-x86_64-fedora-clang, r-devel-linux-x86_64-fedora-gcc, r-patched-solaris-x86, r-release-osx-x86_64, r-oldrel-osx-x86_64