CRAN Package Check Results for Package DescriptiveStats.OBeu

Last updated on 2020-06-02 15:48:56 CEST.

Flavor Version Tinstall Tcheck Ttotal Status Flags
r-devel-linux-x86_64-debian-clang 1.3.2 2.03 29.16 31.19 OK
r-devel-linux-x86_64-debian-gcc 1.3.2 1.79 23.37 25.16 OK
r-devel-linux-x86_64-fedora-clang 1.3.2 49.62 NOTE
r-devel-linux-x86_64-fedora-gcc 1.3.2 40.82 NOTE
r-devel-windows-ix86+x86_64 1.3.2 11.00 111.00 122.00 OK
r-patched-linux-x86_64 1.3.2 2.53 29.87 32.40 OK
r-patched-solaris-x86 1.3.2 58.60 NOTE
r-release-linux-x86_64 1.3.2 2.42 29.12 31.54 OK
r-release-osx-x86_64 1.3.2 NOTE
r-release-windows-ix86+x86_64 1.3.2 7.00 41.00 48.00 OK
r-oldrel-osx-x86_64 1.3.2 NOTE
r-oldrel-windows-ix86+x86_64 1.3.2 5.00 43.00 48.00 OK

Check Details

Version: 1.3.2
Check: data for non-ASCII characters
Result: NOTE
     Note: found 5764 marked UTF-8 strings
Flavors: r-devel-linux-x86_64-fedora-clang, r-devel-linux-x86_64-fedora-gcc, r-patched-solaris-x86, r-release-osx-x86_64, r-oldrel-osx-x86_64