CRAN Package Check Results for Package FOCI

Last updated on 2020-07-10 07:50:36 CEST.

Flavor Version Tinstall Tcheck Ttotal Status Flags
r-devel-linux-x86_64-debian-clang 0.1.2 2.90 126.38 129.28 OK
r-devel-linux-x86_64-debian-gcc 0.1.2 2.11 57.10 59.21 OK
r-devel-linux-x86_64-fedora-clang 0.1.2 119.77 NOTE
r-devel-linux-x86_64-fedora-gcc 0.1.2 79.57 OK
r-devel-windows-ix86+x86_64 0.1.2 8.00 68.00 76.00 OK
r-patched-linux-x86_64 0.1.2 2.79 72.01 74.80 OK
r-patched-solaris-x86 0.1.2 108.10 OK
r-release-linux-x86_64 0.1.2 2.63 72.93 75.56 OK
r-release-osx-x86_64 0.1.2 OK
r-release-windows-ix86+x86_64 0.1.2 7.00 100.00 107.00 OK
r-oldrel-osx-x86_64 0.1.2 OK
r-oldrel-windows-ix86+x86_64 0.1.2 9.00 59.00 68.00 OK

Check Details

Version: 0.1.2
Check: Rd cross-references
Result: NOTE
    Undeclared package ‘XICOR’ in Rd xrefs
Flavor: r-devel-linux-x86_64-fedora-clang