CRAN Package Check Results for Package FrF2

Last updated on 2020-01-24 07:55:53 CET.

Flavor Version Tinstall Tcheck Ttotal Status Flags
r-devel-linux-x86_64-debian-clang 2.1 16.95 143.53 160.48 OK
r-devel-linux-x86_64-debian-gcc 2.1 13.38 103.36 116.74 OK
r-devel-linux-x86_64-fedora-clang 2.1 184.71 WARN
r-devel-linux-x86_64-fedora-gcc 2.1 181.54 OK
r-devel-windows-ix86+x86_64 2.1 33.00 222.00 255.00 OK
r-devel-windows-ix86+x86_64-gcc8 2.1 35.00 160.00 195.00 OK
r-patched-linux-x86_64 2.1 13.51 124.39 137.90 OK
r-patched-solaris-x86 2.1 212.10 OK
r-release-linux-x86_64 2.1 13.68 126.21 139.89 OK
r-release-windows-ix86+x86_64 2.1 19.00 176.00 195.00 OK
r-release-osx-x86_64 2.1 OK
r-oldrel-windows-ix86+x86_64 2.1 15.00 166.00 181.00 OK
r-oldrel-osx-x86_64 2.1 OK

Check Details

Version: 2.1
Check: package dependencies
Result: WARN
    Requires orphaned package: ‘BsMD’
Flavor: r-devel-linux-x86_64-fedora-clang