CRAN Package Check Results for Package GMMAT

Last updated on 2020-01-22 11:50:15 CET.

Flavor Version Tinstall Tcheck Ttotal Status Flags
r-devel-linux-x86_64-debian-clang 1.1.2 63.52 512.63 576.15 OK
r-devel-linux-x86_64-debian-gcc 1.1.2 47.99 385.87 433.86 OK
r-devel-linux-x86_64-fedora-clang 1.1.2 748.33 NOTE
r-devel-linux-x86_64-fedora-gcc 1.1.2 723.58 OK
r-devel-windows-ix86+x86_64 1.1.2 164.00 796.00 960.00 NOTE
r-devel-windows-ix86+x86_64-gcc8 1.1.2 157.00 639.00 796.00 NOTE
r-patched-linux-x86_64 1.1.2 55.59 464.36 519.95 OK
r-patched-solaris-x86 1.1.2 3.90 ERROR
r-release-linux-x86_64 1.1.2 54.00 465.87 519.87 OK
r-release-windows-ix86+x86_64 1.1.2 147.00 731.00 878.00 NOTE
r-release-osx-x86_64 1.1.2 ERROR
r-oldrel-windows-ix86+x86_64 1.1.2 85.00 535.00 620.00 NOTE
r-oldrel-osx-x86_64 1.1.2 ERROR

Check Details

Version: 1.1.2
Check: installed package size
Result: NOTE
     installed size is 6.7Mb
     sub-directories of 1Mb or more:
     libs 4.9Mb
Flavor: r-devel-linux-x86_64-fedora-clang

Version: 1.1.2
Check: package dependencies
Result: NOTE
    Package suggested but not available for checking: 'doMC'
Flavors: r-devel-windows-ix86+x86_64, r-devel-windows-ix86+x86_64-gcc8, r-release-windows-ix86+x86_64, r-oldrel-windows-ix86+x86_64

Version: 1.1.2
Check: package dependencies
Result: ERROR
    Packages required but not available: 'SeqArray', 'SeqVarTools'
    
    See section ‘The DESCRIPTION file’ in the ‘Writing R Extensions’
    manual.
Flavor: r-patched-solaris-x86

Version: 1.1.2
Check: whether package can be installed
Result: ERROR
    Installation failed.
Flavor: r-release-osx-x86_64

Version: 1.1.2
Check: package dependencies
Result: ERROR
    Packages required but not available: ‘SeqArray’ ‘SeqVarTools’
    
    See section ‘The DESCRIPTION file’ in the ‘Writing R Extensions’
    manual.
Flavor: r-oldrel-osx-x86_64