CRAN Package Check Results for Package Infusion

Last updated on 2020-07-13 19:48:33 CEST.

Flavor Version Tinstall Tcheck Ttotal Status Flags
r-devel-linux-x86_64-debian-clang 1.4.1 16.26 109.74 126.00 OK
r-devel-linux-x86_64-debian-gcc 1.4.1 12.17 82.77 94.94 OK
r-devel-linux-x86_64-fedora-clang 1.4.1 158.22 OK
r-devel-linux-x86_64-fedora-gcc 1.4.1 159.64 OK
r-devel-windows-ix86+x86_64 1.4.1 31.00 160.00 191.00 OK
r-patched-linux-x86_64 1.4.1 16.41 106.99 123.40 OK
r-patched-solaris-x86 1.4.1 208.90 OK
r-release-linux-x86_64 1.4.1 14.04 108.10 122.14 OK
r-release-macos-x86_64 1.4.1 ERROR
r-release-windows-ix86+x86_64 1.4.1 43.00 158.00 201.00 OK
r-oldrel-macos-x86_64 1.4.1 OK
r-oldrel-windows-ix86+x86_64 1.4.1 36.00 110.00 146.00 OK

Check Details

Version: 1.4.1
Check: whether package can be installed
Result: ERROR
    Installation failed.
Flavor: r-release-macos-x86_64