CRAN Package Check Results for Package JFE

Last updated on 2020-07-13 19:48:33 CEST.

Flavor Version Tinstall Tcheck Ttotal Status Flags
r-devel-linux-x86_64-debian-clang 2.1.3 17.43 130.76 148.19 OK
r-devel-linux-x86_64-debian-gcc 2.1.3 13.24 102.43 115.67 OK
r-devel-linux-x86_64-fedora-clang 2.1.3 193.20 NOTE
r-devel-linux-x86_64-fedora-gcc 2.1.3 191.84 NOTE
r-devel-windows-ix86+x86_64 2.1.3 37.00 168.00 205.00 OK
r-patched-linux-x86_64 2.1.3 12.40 131.01 143.41 OK
r-patched-solaris-x86 2.1.3 264.40 NOTE
r-release-linux-x86_64 2.1.3 16.61 130.79 147.40 OK
r-release-macos-x86_64 2.1.3 ERROR
r-release-windows-ix86+x86_64 2.1.3 56.00 149.00 205.00 OK
r-oldrel-macos-x86_64 2.1.3 NOTE
r-oldrel-windows-ix86+x86_64 2.1.3 33.00 126.00 159.00 OK

Check Details

Version: 2.1.3
Check: dependencies in R code
Result: NOTE
    Namespaces in Imports field not imported from:
     ‘BurStFin’ ‘MASS’ ‘fAssets’ ‘timeDate’
     All declared Imports should be used.
Flavors: r-devel-linux-x86_64-fedora-clang, r-devel-linux-x86_64-fedora-gcc, r-patched-solaris-x86, r-oldrel-macos-x86_64

Version: 2.1.3
Check: whether package can be installed
Result: ERROR
    Installation failed.
Flavor: r-release-macos-x86_64