CRAN Package Check Results for Package JSM

Last updated on 2020-04-07 07:48:33 CEST.

Flavor Version Tinstall Tcheck Ttotal Status Flags
r-devel-linux-x86_64-debian-clang 0.1.3 264.75 193.53 458.28 OK
r-devel-linux-x86_64-debian-gcc 0.1.3 161.03 144.15 305.18 OK
r-devel-linux-x86_64-fedora-clang 0.1.3 628.75 NOTE
r-devel-linux-x86_64-fedora-gcc 0.1.3 579.91 OK
r-devel-windows-ix86+x86_64 0.1.3 605.00 435.00 1040.00 OK
r-devel-windows-ix86+x86_64-gcc8 0.1.3 467.00 338.00 805.00 OK
r-patched-linux-x86_64 0.1.3 206.26 188.21 394.47 OK
r-patched-solaris-x86 0.1.3 664.60 OK
r-release-linux-x86_64 0.1.3 203.53 176.01 379.54 OK
r-release-windows-ix86+x86_64 0.1.3 487.00 441.00 928.00 OK
r-release-osx-x86_64 0.1.3 NOTE
r-oldrel-windows-ix86+x86_64 0.1.3 531.00 322.00 853.00 OK
r-oldrel-osx-x86_64 0.1.3 NOTE

Check Details

Version: 0.1.3
Check: installed package size
Result: NOTE
     installed size is 17.8Mb
     sub-directories of 1Mb or more:
     libs 17.4Mb
Flavors: r-devel-linux-x86_64-fedora-clang, r-release-osx-x86_64, r-oldrel-osx-x86_64