CRAN Package Check Results for Package KRIG

Last updated on 2020-03-28 11:48:21 CET.

Flavor Version Tinstall Tcheck Ttotal Status Flags
r-devel-linux-x86_64-debian-clang 0.1.0 NOTE
r-devel-linux-x86_64-debian-gcc 0.1.0 64.81 50.51 115.32 NOTE
r-devel-linux-x86_64-fedora-clang 0.1.0 236.27 NOTE
r-devel-linux-x86_64-fedora-gcc 0.1.0 204.73 NOTE
r-devel-windows-ix86+x86_64 0.1.0 157.00 112.00 269.00 NOTE
r-devel-windows-ix86+x86_64-gcc8 0.1.0 186.00 116.00 302.00 NOTE
r-patched-linux-x86_64 0.1.0 80.57 67.10 147.67 NOTE
r-patched-solaris-x86 0.1.0 214.90 ERROR
r-release-linux-x86_64 0.1.0 79.34 62.88 142.22 NOTE
r-release-windows-ix86+x86_64 0.1.0 239.00 150.00 389.00 NOTE
r-release-osx-x86_64 0.1.0 WARN
r-oldrel-windows-ix86+x86_64 0.1.0 228.00 131.00 359.00 NOTE
r-oldrel-osx-x86_64 0.1.0 WARN

Additional issues

noOMP

Check Details

Version: 0.1.0
Check: use of SHLIB_OPENMP_*FLAGS in Makefiles
Result: NOTE
     src/Makevars: SHLIB_OPENMP_CXXFLAGS is included in PKG_LIBS but not in PKG_CXXFLAGS
     src/Makevars: it is not portable to include SHLIB_OPENMP_*' macros in PKG_CPPFLAGS
     src/Makevars.win: SHLIB_OPENMP_CXXFLAGS is included in PKG_LIBS but not in PKG_CXXFLAGS
     src/Makevars.win: it is not portable to include SHLIB_OPENMP_*' macros in PKG_CPPFLAGS
    Use of these macros is discussed in sect 1.2.1.1 of 'Writing R
    Extensions'. The macros for different languages may differ so the
    matching macro must be used in PKG_CXXFLAGS (etc) and match that used
    in PKG_LIBS (except for Fortran: see the manual).
    PKG_CPPFLAGS is used for both C and C++ code so it is not portable to
    use it for these macros.
Flavors: r-devel-linux-x86_64-debian-clang, r-devel-linux-x86_64-debian-gcc, r-devel-linux-x86_64-fedora-clang, r-devel-linux-x86_64-fedora-gcc, r-patched-linux-x86_64, r-release-linux-x86_64

Version: 0.1.0
Check: installed package size
Result: NOTE
     installed size is 7.3Mb
     sub-directories of 1Mb or more:
     doc 3.6Mb
     libs 3.5Mb
Flavors: r-devel-linux-x86_64-fedora-clang, r-devel-windows-ix86+x86_64, r-devel-windows-ix86+x86_64-gcc8, r-release-windows-ix86+x86_64, r-release-osx-x86_64, r-oldrel-windows-ix86+x86_64, r-oldrel-osx-x86_64

Version: 0.1.0
Check: tests
Result: ERROR
     Running ‘testthat.R’
    Running the tests in ‘tests/testthat.R’ failed.
    Complete output:
     > library(testthat)
     > library(KRIG)
     >
     > test_check("KRIG")
     ── 1. Failure: Same result sequencial and parallel code (@test1.R#15) ─────────
     `kw` not equal to `nw`.
     1/1 mismatches
     [1] 12691 - 6346 == 6346
    
     ══ testthat results ═══════════════════════════════════════════════════════════
     [ OK: 0 | SKIPPED: 0 | WARNINGS: 0 | FAILED: 1 ]
     1. Failure: Same result sequencial and parallel code (@test1.R#15)
    
     Error: testthat unit tests failed
     Execution halted
Flavor: r-patched-solaris-x86

Version: 0.1.0
Check: re-building of vignette outputs
Result: WARN
    Error(s) in re-building vignettes:
     ...
    --- re-building ‘copper_mining_2d.Rmd’ using rmarkdown
    Warning in engine$weave(file, quiet = quiet, encoding = enc) :
     Pandoc (>= 1.12.3) and/or pandoc-citeproc not available. Falling back to R Markdown v1.
    Loading required package: ggplot2
    
    Attaching package: 'plotly'
    
    The following object is masked from 'package:ggplot2':
    
     last_plot
    
    The following object is masked from 'package:stats':
    
     filter
    
    The following object is masked from 'package:graphics':
    
     layout
    
    Quitting from lines 120-123 (copper_mining_2d.Rmd)
    Error: processing vignette 'copper_mining_2d.Rmd' failed with diagnostics:
    there is no package called 'webshot'
    --- failed re-building ‘copper_mining_2d.Rmd’
    
    --- re-building ‘ordinary_kriging.Rmd’ using rmarkdown
    Warning in engine$weave(file, quiet = quiet, encoding = enc) :
     Pandoc (>= 1.12.3) and/or pandoc-citeproc not available. Falling back to R Markdown v1.
    --- finished re-building ‘ordinary_kriging.Rmd’
    
    --- re-building ‘simple_kriging.Rmd’ using rmarkdown
    Warning in engine$weave(file, quiet = quiet, encoding = enc) :
     Pandoc (>= 1.12.3) and/or pandoc-citeproc not available. Falling back to R Markdown v1.
    --- finished re-building ‘simple_kriging.Rmd’
    
    --- re-building ‘universal_kriging.Rmd’ using rmarkdown
    Warning in engine$weave(file, quiet = quiet, encoding = enc) :
     Pandoc (>= 1.12.3) and/or pandoc-citeproc not available. Falling back to R Markdown v1.
    --- finished re-building ‘universal_kriging.Rmd’
    
    SUMMARY: processing the following file failed:
     ‘copper_mining_2d.Rmd’
    
    Error: Vignette re-building failed.
    Execution halted
Flavor: r-patched-solaris-x86

Version: 0.1.0
Check: re-building of vignette outputs
Result: WARN
    Error(s) in re-building vignettes:
    --- re-building ‘copper_mining_2d.Rmd’ using rmarkdown
    Warning in engine$weave(file, quiet = quiet, encoding = enc) :
     Pandoc (>= 1.12.3) and/or pandoc-citeproc not available. Falling back to R Markdown v1.
    Loading required package: ggplot2
    
    Attaching package: 'plotly'
    
    The following object is masked from 'package:ggplot2':
    
     last_plot
    
    The following object is masked from 'package:stats':
    
     filter
    
    The following object is masked from 'package:graphics':
    
     layout
    
    Quitting from lines 120-123 (copper_mining_2d.Rmd)
    Error: processing vignette 'copper_mining_2d.Rmd' failed with diagnostics:
    cannot open the connection
    --- failed re-building ‘copper_mining_2d.Rmd’
    
    --- re-building ‘ordinary_kriging.Rmd’ using rmarkdown
    Warning in engine$weave(file, quiet = quiet, encoding = enc) :
     Pandoc (>= 1.12.3) and/or pandoc-citeproc not available. Falling back to R Markdown v1.
    --- finished re-building ‘ordinary_kriging.Rmd’
    
    --- re-building ‘simple_kriging.Rmd’ using rmarkdown
    Warning in engine$weave(file, quiet = quiet, encoding = enc) :
     Pandoc (>= 1.12.3) and/or pandoc-citeproc not available. Falling back to R Markdown v1.
    --- finished re-building ‘simple_kriging.Rmd’
    
    --- re-building ‘universal_kriging.Rmd’ using rmarkdown
    Warning in engine$weave(file, quiet = quiet, encoding = enc) :
     Pandoc (>= 1.12.3) and/or pandoc-citeproc not available. Falling back to R Markdown v1.
    --- finished re-building ‘universal_kriging.Rmd’
    
    SUMMARY: processing the following file failed:
     ‘copper_mining_2d.Rmd’
    
    Error: Vignette re-building failed.
    Execution halted
Flavor: r-release-osx-x86_64

Version: 0.1.0
Check: re-building of vignette outputs
Result: WARN
    Error in re-building vignettes:
     ...
    Warning in engine$weave(file, quiet = quiet, encoding = enc) :
     Pandoc (>= 1.12.3) and/or pandoc-citeproc not available. Falling back to R Markdown v1.
    Loading required package: ggplot2
    
    Attaching package: 'plotly'
    
    The following object is masked from 'package:ggplot2':
    
     last_plot
    
    The following object is masked from 'package:stats':
    
     filter
    
    The following object is masked from 'package:graphics':
    
     layout
    
    Quitting from lines 120-123 (copper_mining_2d.Rmd)
    Error: processing vignette 'copper_mining_2d.Rmd' failed with diagnostics:
    cannot open the connection
    Execution halted
Flavor: r-oldrel-osx-x86_64