CRAN Package Check Results for Package KarsTS

Last updated on 2020-04-08 19:49:17 CEST.

Flavor Version Tinstall Tcheck Ttotal Status Flags
r-devel-linux-x86_64-debian-clang 2.2 19.07 85.18 104.25 OK
r-devel-linux-x86_64-debian-gcc 2.2 14.77 65.90 80.67 OK
r-devel-linux-x86_64-fedora-clang 2.2 123.17 NOTE
r-devel-linux-x86_64-fedora-gcc 2.2 131.49 NOTE
r-devel-windows-ix86+x86_64 2.2 25.00 130.00 155.00 OK
r-devel-windows-ix86+x86_64-gcc8 2.2 37.00 94.00 131.00 OK
r-patched-linux-x86_64 2.2 17.35 86.89 104.24 OK
r-patched-solaris-x86 2.2 155.30 NOTE
r-release-linux-x86_64 2.2 14.23 76.60 90.83 OK
r-release-windows-ix86+x86_64 2.2 44.00 118.00 162.00 OK
r-release-osx-x86_64 2.2 FAIL
r-oldrel-windows-ix86+x86_64 2.2 34.00 114.00 148.00 OK
r-oldrel-osx-x86_64 2.2 NOTE

Check Details

Version: 2.2
Check: dependencies in R code
Result: NOTE
    Namespace in Imports field not imported from: ‘stinepack’
     All declared Imports should be used.
Flavors: r-devel-linux-x86_64-fedora-clang, r-devel-linux-x86_64-fedora-gcc, r-patched-solaris-x86, r-oldrel-osx-x86_64

Version: 2.2
Check: dependencies in R code
Result: FAIL
Flavor: r-release-osx-x86_64