CRAN Package Check Results for Package LEANR

Last updated on 2020-04-04 03:51:22 CEST.

Flavor Version Tinstall Tcheck Ttotal Status Flags
r-devel-linux-x86_64-debian-clang 1.4.9 8.56 164.37 172.93 OK
r-devel-linux-x86_64-debian-gcc 1.4.9 7.26 122.85 130.11 OK
r-devel-linux-x86_64-fedora-clang 1.4.9 196.99 OK
r-devel-linux-x86_64-fedora-gcc 1.4.9 192.24 OK
r-devel-windows-ix86+x86_64 1.4.9 16.00 173.00 189.00 NOTE
r-devel-windows-ix86+x86_64-gcc8 1.4.9 10.00 180.00 190.00 NOTE
r-patched-linux-x86_64 1.4.9 8.42 155.80 164.22 OK
r-patched-solaris-x86 1.4.9 264.00 OK
r-release-linux-x86_64 1.4.9 8.20 142.10 150.30 OK
r-release-windows-ix86+x86_64 1.4.9 12.00 167.00 179.00 NOTE
r-release-osx-x86_64 1.4.9 OK
r-oldrel-windows-ix86+x86_64 1.4.9 13.00 194.00 207.00 NOTE
r-oldrel-osx-x86_64 1.4.9 OK

Check Details

Version: 1.4.9
Check: package dependencies
Result: NOTE
    Package suggested but not available for checking: 'doMC'
Flavors: r-devel-windows-ix86+x86_64, r-devel-windows-ix86+x86_64-gcc8, r-release-windows-ix86+x86_64, r-oldrel-windows-ix86+x86_64