CRAN Package Check Results for Package LSAmitR

Last updated on 2020-02-17 03:49:14 CET.

Flavor Version Tinstall Tcheck Ttotal Status Flags
r-devel-linux-x86_64-debian-clang 1.0-2 10.80 100.26 111.06 ERROR
r-devel-linux-x86_64-debian-gcc 1.0-2 10.73 76.56 87.29 ERROR
r-devel-linux-x86_64-fedora-clang 1.0-2 145.77 NOTE
r-devel-windows-ix86+x86_64 1.0-2 27.00 130.00 157.00 OK
r-devel-windows-ix86+x86_64-gcc8 1.0-2 35.00 172.00 207.00 OK
r-patched-linux-x86_64 1.0-2 9.21 90.49 99.70 OK
r-patched-solaris-x86 1.0-2 205.90 NOTE
r-release-linux-x86_64 1.0-2 9.72 91.05 100.77 OK
r-release-windows-ix86+x86_64 1.0-2 21.00 108.00 129.00 OK
r-release-osx-x86_64 1.0-2 NOTE
r-oldrel-windows-ix86+x86_64 1.0-2 13.00 101.00 114.00 OK
r-oldrel-osx-x86_64 1.0-2 NOTE

Check Details

Version: 1.0-2
Check: package dependencies
Result: NOTE
    Package suggested but not available for checking: 'car'
Flavors: r-devel-linux-x86_64-debian-clang, r-devel-linux-x86_64-debian-gcc

Version: 1.0-2
Check: examples
Result: ERROR
    Running examples in 'LSAmitR-Ex.R' failed
    The error most likely occurred in:
    
    > base::assign(".ptime", proc.time(), pos = "CheckExEnv")
    > ### Encoding: UTF-8
    >
    > ### Name: Kapitel 1
    > ### Title: Kapitel 1: Testkonstruktion
    > ### Aliases: 'Kapitel 1'
    >
    > ### ** Examples
    >
    > library(TAM)
    Loading required package: CDM
    Loading required package: mvtnorm
    **********************************
    ** CDM 7.4-19 (2019-09-04 13:30:18)
    ** Cognitive Diagnostic Models **
    **********************************
    
    * TAM 3.3-10 (2019-08-23 13:42:07)
    > library(miceadds)
    Loading required package: mice
    Loading required package: lattice
    
    Attaching package: 'mice'
    
    The following objects are masked from 'package:base':
    
     cbind, rbind
    
    * miceadds 3.7-6 (2019-12-15 13:38:43)
    > library(irr)
    Loading required package: lpSolve
    > library(gtools)
    > library(car)
    Error in library(car) : there is no package called 'car'
    Execution halted
Flavors: r-devel-linux-x86_64-debian-clang, r-devel-linux-x86_64-debian-gcc

Version: 1.0-2
Check: data for non-ASCII characters
Result: NOTE
     Note: found 55 marked UTF-8 strings
Flavors: r-devel-linux-x86_64-fedora-clang, r-patched-solaris-x86, r-release-osx-x86_64, r-oldrel-osx-x86_64