CRAN Package Check Results for Package MCMCglmm

Last updated on 2020-01-22 19:47:55 CET.

Flavor Version Tinstall Tcheck Ttotal Status Flags
r-devel-linux-x86_64-debian-clang 2.29 51.07 120.49 171.56 OK
r-devel-linux-x86_64-debian-gcc 2.29 33.22 92.59 125.81 OK
r-devel-linux-x86_64-fedora-clang 2.29 215.33 OK
r-devel-linux-x86_64-fedora-gcc 2.29 201.19 OK
r-devel-windows-ix86+x86_64 2.29 174.00 231.00 405.00 NOTE
r-devel-windows-ix86+x86_64-gcc8 2.29 165.00 163.00 328.00 NOTE
r-patched-linux-x86_64 2.29 39.05 110.28 149.33 OK
r-patched-solaris-x86 2.29 252.70 OK
r-release-linux-x86_64 2.29 38.78 109.93 148.71 OK
r-release-windows-ix86+x86_64 2.29 171.00 205.00 376.00 NOTE
r-release-osx-x86_64 2.29 OK
r-oldrel-windows-ix86+x86_64 2.29 123.00 133.00 256.00 NOTE
r-oldrel-osx-x86_64 2.29 OK

Check Details

Version: 2.29
Check: installed package size
Result: NOTE
     installed size is 5.3Mb
     sub-directories of 1Mb or more:
     doc 3.2Mb
     libs 1.6Mb
Flavors: r-devel-windows-ix86+x86_64, r-devel-windows-ix86+x86_64-gcc8, r-release-windows-ix86+x86_64, r-oldrel-windows-ix86+x86_64