CRAN Package Check Results for Package MODIStsp

Last updated on 2020-06-01 15:47:49 CEST.

Flavor Version Tinstall Tcheck Ttotal Status Flags
r-devel-linux-x86_64-debian-clang 1.4.0 17.82 156.56 174.38 OK
r-devel-linux-x86_64-debian-gcc 1.4.0 14.24 118.11 132.35 OK
r-devel-linux-x86_64-fedora-clang 1.4.0 218.37 NOTE
r-devel-linux-x86_64-fedora-gcc 1.4.0 205.08 OK
r-devel-windows-ix86+x86_64 1.4.0 51.00 199.00 250.00 OK
r-patched-linux-x86_64 1.4.0 15.50 155.38 170.88 OK
r-patched-solaris-x86 1.4.0 269.10 OK
r-release-linux-x86_64 1.4.0 13.01 156.20 169.21 OK
r-release-osx-x86_64 1.4.0 OK
r-release-windows-ix86+x86_64 1.4.0 33.00 198.00 231.00 OK
r-oldrel-osx-x86_64 1.4.0 OK
r-oldrel-windows-ix86+x86_64 1.4.0 32.00 142.00 174.00 OK

Check Details

Version: 1.4.0
Check: package dependencies
Result: NOTE
    Suggests orphaned packages:
     ‘gWidgets’ ‘gWidgetsRGtk2’
Flavor: r-devel-linux-x86_64-fedora-clang