CRAN Package Check Results for Package MobileTrigger

Last updated on 2020-04-07 07:48:35 CEST.

Flavor Version Tinstall Tcheck Ttotal Status Flags
r-devel-linux-x86_64-debian-clang 0.0.31 12.88 106.69 119.57 OK
r-devel-linux-x86_64-debian-gcc 0.0.31 11.46 79.94 91.40 OK
r-devel-linux-x86_64-fedora-clang 0.0.31 139.43 NOTE
r-devel-linux-x86_64-fedora-gcc 0.0.31 151.72 NOTE
r-devel-windows-ix86+x86_64 0.0.31 51.00 181.00 232.00 OK
r-devel-windows-ix86+x86_64-gcc8 0.0.31 27.00 108.00 135.00 OK
r-patched-linux-x86_64 0.0.31 12.50 101.22 113.72 OK
r-patched-solaris-x86 0.0.31 220.00 NOTE
r-release-linux-x86_64 0.0.31 10.34 93.81 104.15 OK
r-release-windows-ix86+x86_64 0.0.31 27.00 164.00 191.00 OK
r-release-osx-x86_64 0.0.31 NOTE
r-oldrel-windows-ix86+x86_64 0.0.31 17.00 111.00 128.00 OK
r-oldrel-osx-x86_64 0.0.31 NOTE

Check Details

Version: 0.0.31
Check: dependencies in R code
Result: NOTE
    Namespace in Imports field not imported from: ‘ggplot2’
     All declared Imports should be used.
Flavors: r-devel-linux-x86_64-fedora-clang, r-devel-linux-x86_64-fedora-gcc, r-patched-solaris-x86, r-release-osx-x86_64, r-oldrel-osx-x86_64