CRAN Package Check Results for Package Modeler

Last updated on 2020-06-04 23:48:03 CEST.

Flavor Version Tinstall Tcheck Ttotal Status Flags
r-devel-linux-x86_64-debian-clang 3.4.5 7.08 82.21 89.29 OK
r-devel-linux-x86_64-debian-gcc 3.4.5 4.93 62.07 67.00 OK
r-devel-linux-x86_64-fedora-clang 3.4.5 119.51 OK
r-devel-linux-x86_64-fedora-gcc 3.4.5 103.41 OK
r-devel-windows-ix86+x86_64 3.4.5 21.00 97.00 118.00 OK
r-patched-linux-x86_64 3.4.5 6.88 80.51 87.39 OK
r-patched-solaris-x86 3.4.5 140.70 OK
r-release-linux-x86_64 3.4.5 7.30 80.83 88.13 OK
r-release-osx-x86_64 3.4.5 FAIL
r-release-windows-ix86+x86_64 3.4.5 15.00 146.00 161.00 OK
r-oldrel-osx-x86_64 3.4.5 OK
r-oldrel-windows-ix86+x86_64 3.4.5 15.00 88.00 103.00 OK

Check Details

Version: 3.4.5
Check: package dependencies
Result: FAIL
Flavor: r-release-osx-x86_64