CRAN Package Check Results for Package PCRedux

Last updated on 2020-03-31 11:49:18 CEST.

Flavor Version Tinstall Tcheck Ttotal Status Flags
r-devel-linux-x86_64-debian-clang 1.0-6 13.22 164.73 177.95 NOTE
r-devel-linux-x86_64-debian-gcc 1.0-6 10.62 126.95 137.57 NOTE
r-devel-linux-x86_64-fedora-clang 1.0-6 205.34 NOTE
r-devel-linux-x86_64-fedora-gcc 1.0-6 203.99 NOTE
r-devel-windows-ix86+x86_64 1.0-6 32.00 172.00 204.00 OK
r-devel-windows-ix86+x86_64-gcc8 1.0-6 30.00 176.00 206.00 OK
r-patched-linux-x86_64 1.0-6 13.75 159.12 172.87 NOTE
r-patched-solaris-x86 1.0-6 297.80 NOTE
r-release-linux-x86_64 1.0-6 14.19 142.67 156.86 NOTE
r-release-windows-ix86+x86_64 1.0-6 46.00 241.00 287.00 OK
r-release-osx-x86_64 1.0-6 WARN
r-oldrel-windows-ix86+x86_64 1.0-6 41.00 270.00 311.00 OK
r-oldrel-osx-x86_64 1.0-6 WARN

Check Details

Version: 1.0-6
Check: package dependencies
Result: NOTE
    Package suggested but not available for checking: 'FFTrees'
Flavors: r-devel-linux-x86_64-debian-clang, r-devel-linux-x86_64-debian-gcc, r-devel-linux-x86_64-fedora-clang, r-devel-linux-x86_64-fedora-gcc, r-patched-linux-x86_64, r-patched-solaris-x86, r-release-linux-x86_64

Version: 1.0-6
Check: whether package can be installed
Result: WARN
    Found the following significant warnings:
     Warning: 'rgl.init' failed, running with 'rgl.useNULL = TRUE'.
Flavors: r-release-osx-x86_64, r-oldrel-osx-x86_64