CRAN Package Check Results for Package PCS

Last updated on 2020-03-29 19:48:37 CEST.

Flavor Version Tinstall Tcheck Ttotal Status Flags
r-devel-linux-x86_64-debian-clang 1.2 NOTE
r-devel-linux-x86_64-debian-gcc 1.2 7.65 62.43 70.08 NOTE
r-devel-linux-x86_64-fedora-clang 1.2 105.97 NOTE
r-devel-linux-x86_64-fedora-gcc 1.2 106.33 NOTE
r-devel-windows-ix86+x86_64 1.2 23.00 84.00 107.00 WARN
r-devel-windows-ix86+x86_64-gcc8 1.2 20.00 80.00 100.00 WARN
r-patched-linux-x86_64 1.2 9.34 78.57 87.91 NOTE
r-patched-solaris-x86 1.2 168.00 NOTE
r-release-linux-x86_64 1.2 9.70 70.95 80.65 NOTE
r-release-windows-ix86+x86_64 1.2 28.00 87.00 115.00 NOTE
r-release-osx-x86_64 1.2 NOTE
r-oldrel-windows-ix86+x86_64 1.2 14.00 114.00 128.00 NOTE
r-oldrel-osx-x86_64 1.2 NOTE

Check Details

Version: 1.2
Check: R code for possible problems
Result: NOTE
    PdofCSGt.bootstrap5: no visible global function definition for 'rnorm'
    PdofCSGt.bootstrap5: no visible global function definition for 'rt'
    PdofCSt.T1or2: no visible global function definition for 'combn'
    PofCSGt: no visible global function definition for 'combn'
    PofCSLt.bootstrap5: no visible global function definition for 'rnorm'
    PofCSLt.bootstrap5: no visible global function definition for 'rt'
    PofCSt: no visible global function definition for 'pnorm'
    tindep: no visible binding for global variable 'var'
    tindep: no visible global function definition for 'pt'
    Undefined global functions or variables:
     combn pnorm pt rnorm rt var
    Consider adding
     importFrom("stats", "pnorm", "pt", "rnorm", "rt", "var")
     importFrom("utils", "combn")
    to your NAMESPACE file.
Flavors: r-devel-linux-x86_64-debian-clang, r-devel-linux-x86_64-debian-gcc, r-devel-linux-x86_64-fedora-clang, r-devel-linux-x86_64-fedora-gcc, r-devel-windows-ix86+x86_64, r-devel-windows-ix86+x86_64-gcc8, r-patched-linux-x86_64, r-patched-solaris-x86, r-release-linux-x86_64, r-release-windows-ix86+x86_64, r-release-osx-x86_64, r-oldrel-windows-ix86+x86_64, r-oldrel-osx-x86_64

Version: 1.2
Check: whether package can be installed
Result: WARN
    Found the following significant warnings:
     Warning: multiple methods tables found for 'plot'
Flavors: r-devel-windows-ix86+x86_64, r-devel-windows-ix86+x86_64-gcc8