CRAN Package Check Results for Package PanelCount

Last updated on 2020-01-22 11:50:22 CET.

Flavor Version Tinstall Tcheck Ttotal Status Flags
r-devel-linux-x86_64-debian-clang 1.0.9 27.50 31.78 59.28 OK
r-devel-linux-x86_64-debian-gcc 1.0.9 19.62 25.26 44.88 OK
r-devel-linux-x86_64-fedora-clang 1.0.9 83.59 NOTE
r-devel-linux-x86_64-fedora-gcc 1.0.9 78.51 NOTE
r-devel-windows-ix86+x86_64 1.0.9 84.00 85.00 169.00 OK
r-devel-windows-ix86+x86_64-gcc8 1.0.9 79.00 67.00 146.00 OK
r-patched-linux-x86_64 1.0.9 24.26 29.02 53.28 OK
r-patched-solaris-x86 1.0.9 88.50 OK
r-release-linux-x86_64 1.0.9 22.97 28.89 51.86 OK
r-release-windows-ix86+x86_64 1.0.9 74.00 76.00 150.00 OK
r-release-osx-x86_64 1.0.9 OK
r-oldrel-windows-ix86+x86_64 1.0.9 42.00 58.00 100.00 OK
r-oldrel-osx-x86_64 1.0.9 OK

Check Details

Version: 1.0.9
Check: compiled code
Result: NOTE
    File ‘PanelCount/libs/PanelCount.so’:
     Found no calls to: ‘R_registerRoutines’, ‘R_useDynamicSymbols’
    
    It is good practice to register native routines and to disable symbol
    search.
    
    See ‘Writing portable packages’ in the ‘Writing R Extensions’ manual.
Flavors: r-devel-linux-x86_64-fedora-clang, r-devel-linux-x86_64-fedora-gcc