CRAN Package Check Results for Package PenCoxFrail

Last updated on 2019-11-18 23:51:29 CET.

Flavor Version Tinstall Tcheck Ttotal Status Flags
r-devel-linux-x86_64-debian-clang 1.0.1 37.14 60.03 97.17 OK
r-devel-linux-x86_64-debian-gcc 1.0.1 24.13 48.54 72.67 OK
r-devel-linux-x86_64-fedora-clang 1.0.1 116.43 NOTE
r-devel-linux-x86_64-fedora-gcc 1.0.1 119.89 NOTE
r-devel-windows-ix86+x86_64 1.0.1 84.00 99.00 183.00 OK
r-patched-linux-x86_64 1.0.1 26.18 56.15 82.33 OK
r-patched-solaris-x86 1.0.1 145.50 OK
r-release-linux-x86_64 1.0.1 28.96 55.76 84.72 OK
r-release-windows-ix86+x86_64 1.0.1 71.00 89.00 160.00 OK
r-release-osx-x86_64 1.0.1 OK
r-oldrel-windows-ix86+x86_64 1.0.1 60.00 128.00 188.00 OK
r-oldrel-osx-x86_64 1.0.1 OK

Check Details

Version: 1.0.1
Check: compiled code
Result: NOTE
    File ‘PenCoxFrail/libs/PenCoxFrail.so’:
     Found no calls to: ‘R_registerRoutines’, ‘R_useDynamicSymbols’
    
    It is good practice to register native routines and to disable symbol
    search.
    
    See ‘Writing portable packages’ in the ‘Writing R Extensions’ manual.
Flavors: r-devel-linux-x86_64-fedora-clang, r-devel-linux-x86_64-fedora-gcc