CRAN Package Check Results for Package PetfindeR

Last updated on 2020-05-29 23:51:29 CEST.

Flavor Version Tinstall Tcheck Ttotal Status Flags
r-devel-linux-x86_64-debian-clang 2.0.0 3.01 22.41 25.42 OK
r-devel-linux-x86_64-debian-gcc 2.0.0 2.27 18.01 20.28 OK
r-devel-linux-x86_64-fedora-clang 2.0.0 32.69 NOTE
r-devel-linux-x86_64-fedora-gcc 2.0.0 30.98 NOTE
r-devel-windows-ix86+x86_64 2.0.0 9.00 49.00 58.00 OK
r-patched-linux-x86_64 2.0.0 2.60 22.71 25.31 OK
r-patched-solaris-x86 2.0.0 45.80 NOTE
r-release-linux-x86_64 2.0.0 2.55 22.37 24.92 OK
r-release-osx-x86_64 2.0.0 NOTE
r-release-windows-ix86+x86_64 2.0.0 6.00 40.00 46.00 OK
r-oldrel-osx-x86_64 2.0.0 NOTE
r-oldrel-windows-ix86+x86_64 2.0.0 5.00 34.00 39.00 OK

Check Details

Version: 2.0.0
Check: dependencies in R code
Result: NOTE
    Namespaces in Imports field not imported from:
     ‘R6’ ‘httr’ ‘jsonlite’
     All declared Imports should be used.
Flavors: r-devel-linux-x86_64-fedora-clang, r-devel-linux-x86_64-fedora-gcc, r-patched-solaris-x86, r-release-osx-x86_64, r-oldrel-osx-x86_64