CRAN Package Check Results for Package PortfolioAnalytics

Last updated on 2020-07-14 03:47:59 CEST.

Flavor Version Tinstall Tcheck Ttotal Status Flags
r-devel-linux-x86_64-debian-clang 1.1.0 20.25 430.13 450.38 OK
r-devel-linux-x86_64-debian-gcc 1.1.0 14.52 319.76 334.28 OK
r-devel-linux-x86_64-fedora-clang 1.1.0 687.85 OK
r-devel-linux-x86_64-fedora-gcc 1.1.0 957.93 OK
r-devel-windows-ix86+x86_64 1.1.0 43.00 897.00 940.00 OK --no-vignettes
r-patched-linux-x86_64 1.1.0 15.86 371.48 387.34 OK
r-patched-solaris-x86 1.1.0 951.50 NOTE
r-release-linux-x86_64 1.1.0 15.93 418.34 434.27 OK
r-release-macos-x86_64 1.1.0 ERROR
r-release-windows-ix86+x86_64 1.1.0 42.00 695.00 737.00 OK --no-vignettes
r-oldrel-macos-x86_64 1.1.0 FAIL
r-oldrel-windows-ix86+x86_64 1.1.0 41.00 890.00 931.00 OK --no-vignettes

Check Details

Version: 1.1.0
Check: package dependencies
Result: NOTE
    Package suggested but not available for checking: ‘ROI.plugin.symphony’
Flavors: r-patched-solaris-x86, r-release-macos-x86_64, r-oldrel-macos-x86_64

Version: 1.1.0
Check: whether package can be installed
Result: ERROR
    Installation failed.
Flavor: r-release-macos-x86_64

Version: 1.1.0
Check: re-building of vignette outputs
Result: FAIL
Flavor: r-oldrel-macos-x86_64