CRAN Package Check Results for Package PosteriorBootstrap

Last updated on 2020-04-08 19:49:24 CEST.

Flavor Version Tinstall Tcheck Ttotal Status Flags
r-devel-linux-x86_64-debian-clang 0.1.0 4.34 572.98 577.32 OK
r-devel-linux-x86_64-debian-gcc 0.1.0 3.72 418.66 422.38 OK
r-devel-linux-x86_64-fedora-clang 0.1.0 675.55 NOTE
r-devel-linux-x86_64-fedora-gcc 0.1.0 726.68 NOTE
r-devel-windows-ix86+x86_64 0.1.0 9.00 44.00 53.00 OK
r-devel-windows-ix86+x86_64-gcc8 0.1.0 10.00 42.00 52.00 OK
r-patched-linux-x86_64 0.1.0 3.91 563.07 566.98 OK
r-patched-solaris-x86 0.1.0 1164.20 NOTE
r-release-linux-x86_64 0.1.0 4.05 558.79 562.84 OK
r-release-windows-ix86+x86_64 0.1.0 7.00 55.00 62.00 OK
r-release-osx-x86_64 0.1.0 NOTE
r-oldrel-windows-ix86+x86_64 0.1.0 7.00 55.00 62.00 OK
r-oldrel-osx-x86_64 0.1.0 NOTE

Check Details

Version: 0.1.0
Check: dependencies in R code
Result: NOTE
    Namespaces in Imports field not imported from:
     ‘Rcpp’ ‘StanHeaders’ ‘dplyr’ ‘ggplot2’ ‘gridExtra’ ‘rstan’ ‘tibble’
     All declared Imports should be used.
Flavors: r-devel-linux-x86_64-fedora-clang, r-devel-linux-x86_64-fedora-gcc, r-patched-solaris-x86, r-release-osx-x86_64, r-oldrel-osx-x86_64