CRAN Package Check Results for Package RJSONIO

Last updated on 2020-07-13 15:48:44 CEST.

Flavor Version Tinstall Tcheck Ttotal Status Flags
r-devel-linux-x86_64-debian-clang 1.3-1.4 16.70 43.40 60.10 OK
r-devel-linux-x86_64-debian-gcc 1.3-1.4 13.12 34.20 47.32 OK
r-devel-linux-x86_64-fedora-clang 1.3-1.4 92.81 OK
r-devel-linux-x86_64-fedora-gcc 1.3-1.4 76.98 OK
r-devel-windows-ix86+x86_64 1.3-1.4 45.00 120.00 165.00 OK
r-patched-linux-x86_64 1.3-1.4 14.73 42.78 57.51 OK
r-patched-solaris-x86 1.3-1.4 114.60 OK
r-release-linux-x86_64 1.3-1.4 14.26 42.72 56.98 OK
r-release-macos-x86_64 1.3-1.4 ERROR
r-release-windows-ix86+x86_64 1.3-1.4 42.00 89.00 131.00 OK
r-oldrel-macos-x86_64 1.3-1.4 OK
r-oldrel-windows-ix86+x86_64 1.3-1.4 53.00 112.00 165.00 OK

Check Details

Version: 1.3-1.4
Check: whether package can be installed
Result: ERROR
    Installation failed.
Flavor: r-release-macos-x86_64