CRAN Package Check Results for Package RNCEP

Last updated on 2020-01-24 23:50:47 CET.

Flavor Version Tinstall Tcheck Ttotal Status Flags
r-devel-linux-x86_64-debian-clang 1.0.8 18.63 77.53 96.16 OK
r-devel-linux-x86_64-debian-gcc 1.0.8 13.88 61.02 74.90 OK
r-devel-linux-x86_64-fedora-clang 1.0.8 117.10 OK
r-devel-linux-x86_64-fedora-gcc 1.0.8 114.97 OK
r-devel-windows-ix86+x86_64 1.0.8 31.00 118.00 149.00 OK
r-devel-windows-ix86+x86_64-gcc8 1.0.8 37.00 111.00 148.00 OK
r-patched-linux-x86_64 1.0.8 15.59 70.70 86.29 OK
r-patched-solaris-x86 1.0.8 141.80 OK --no-examples
r-release-linux-x86_64 1.0.8 14.33 70.76 85.09 OK
r-release-windows-ix86+x86_64 1.0.8 19.00 106.00 125.00 OK
r-release-osx-x86_64 1.0.8 FAIL
r-oldrel-windows-ix86+x86_64 1.0.8 13.00 82.00 95.00 OK
r-oldrel-osx-x86_64 1.0.8 OK

Check Details

Version: 1.0.8
Check: whether package can be installed
Result: FAIL
Flavor: r-release-osx-x86_64