CRAN Package Check Results for Package RTL

Last updated on 2020-07-14 03:48:04 CEST.

Flavor Version Tinstall Tcheck Ttotal Status Flags
r-devel-linux-x86_64-debian-clang 0.1.3 7.36 62.87 70.23 OK
r-devel-linux-x86_64-debian-gcc 0.1.3 7.32 49.98 57.30 OK
r-devel-linux-x86_64-fedora-clang 0.1.3 93.32 NOTE
r-devel-linux-x86_64-fedora-gcc 0.1.3 86.38 NOTE
r-devel-windows-ix86+x86_64 0.1.3 19.00 89.00 108.00 OK
r-patched-linux-x86_64 0.1.3 7.28 62.50 69.78 OK
r-patched-solaris-x86 0.1.3 143.70 NOTE
r-release-linux-x86_64 0.1.3 7.77 61.15 68.92 OK
r-release-macos-x86_64 0.1.3 ERROR
r-release-windows-ix86+x86_64 0.1.3 26.00 113.00 139.00 OK
r-oldrel-macos-x86_64 0.1.3 ERROR
r-oldrel-windows-ix86+x86_64 0.1.1 25.00 116.00 141.00 OK

Check Details

Version: 0.1.3
Check: package dependencies
Result: NOTE
    Imports includes 27 non-default packages.
    Importing from so many packages makes the package vulnerable to any of
    them becoming unavailable. Move as many as possible to Suggests and
    use conditionally.
Flavor: r-devel-linux-x86_64-fedora-clang

Version: 0.1.3
Check: dependencies in R code
Result: NOTE
    Namespaces in Imports field not imported from:
     ‘quantmod’ ‘sp’ ‘timetk’
     All declared Imports should be used.
Flavors: r-devel-linux-x86_64-fedora-clang, r-devel-linux-x86_64-fedora-gcc, r-patched-solaris-x86

Version: 0.1.3
Check: data for non-ASCII characters
Result: NOTE
     Note: found 17315 marked UTF-8 strings
Flavors: r-devel-linux-x86_64-fedora-clang, r-devel-linux-x86_64-fedora-gcc, r-patched-solaris-x86

Version: 0.1.3
Check: whether package can be installed
Result: ERROR
    Installation failed.
Flavors: r-release-macos-x86_64, r-oldrel-macos-x86_64