CRAN Package Check Results for Package RTransferEntropy

Last updated on 2020-07-13 23:49:51 CEST.

Flavor Version Tinstall Tcheck Ttotal Status Flags
r-devel-linux-x86_64-debian-clang 0.2.12 34.42 841.49 875.91 OK
r-devel-linux-x86_64-debian-gcc 0.2.12 27.25 549.02 576.27 OK
r-devel-linux-x86_64-fedora-clang 0.2.12 1090.53 OK
r-devel-linux-x86_64-fedora-gcc 0.2.12 1100.04 OK
r-devel-windows-ix86+x86_64 0.2.12 70.00 307.00 377.00 WARN
r-patched-linux-x86_64 0.2.12 26.38 841.50 867.88 OK
r-patched-solaris-x86 0.2.12 1632.60 OK
r-release-linux-x86_64 0.2.12 28.41 855.94 884.35 OK
r-release-macos-x86_64 0.2.12 ERROR
r-release-windows-ix86+x86_64 0.2.12 96.00 621.00 717.00 OK
r-oldrel-macos-x86_64 0.2.12 OK
r-oldrel-windows-ix86+x86_64 0.2.12 89.00 495.00 584.00 OK

Check Details

Version: 0.2.12
Check: re-building of vignette outputs
Result: WARN
    Error(s) in re-building vignettes:
    --- re-building 'transfer-entropy.Rmd' using rmarkdown
    `geom_smooth()` using method = 'gam' and formula 'y ~ s(x, bs = "cs")'
    Warning: Removed 1 rows containing non-finite values (stat_smooth).
    Warning: Removed 1 rows containing missing values (geom_point).
    `geom_smooth()` using method = 'gam' and formula 'y ~ s(x, bs = "cs")'
    `geom_smooth()` using method = 'gam' and formula 'y ~ s(x, bs = "cs")'
    Warning: Removed 1 rows containing non-finite values (stat_smooth).
    Warning: Removed 1 rows containing missing values (geom_point).
    Error in get(name, envir = asNamespace(pkg), inherits = FALSE) :
     object '.slaveRSOCK' not found
    Calls: ::: -> get
    Execution halted
    Quitting from lines 254-261 (transfer-entropy.Rmd)
    Error: processing vignette 'transfer-entropy.Rmd' failed with diagnostics:
    Failed to launch and connect to R worker on local machine 'localhost' from local machine 'CRANWIN'.
     * The error produced by socketConnection() was: 'reached elapsed time limit' (which suggests that the connection timeout of 120 seconds (argument 'connectTimeout') kicked in)
     * The localhost socket connection that failed to connect to the R worker used port 11651 using a communication timeout of 2592000 seconds and a connection timeout of 120 seconds.
     * Worker launch call: "D:/RCompile/recent/R/bin/x64/Rscript" --default-packages=datasets,utils,grDevices,graphics,stats,methods -e "try(suppressWarnings(cat(Sys.getpid(),file=\"D:/temp/RtmpI9PcJP/future.parent=75084.1254c2d025487.pid\")), silent = TRUE)" -e "parallel:::.slaveRSOCK()" MASTER=localhost PORT=11651 OUT=/dev/null TIMEOUT=2592000 XDR=TRUE.
     * Worker (PID 209052) was successfully killed: TRUE
     * Troubleshooting suggestions:
     - Suggestion #1: Set 'verbose=TRUE' to see more details.
     - Suggestion #2: On Windows, output from worker when using 'outfile=NULL' is only visible when running R from a terminal (not a GUI).
    
    --- failed re-building 'transfer-entropy.Rmd'
    
    SUMMARY: processing the following file failed:
     'transfer-entropy.Rmd'
    
    Error: Vignette re-building failed.
    Execution halted
Flavor: r-devel-windows-ix86+x86_64

Version: 0.2.12
Check: whether package can be installed
Result: ERROR
    Installation failed.
Flavor: r-release-macos-x86_64