CRAN Package Check Results for Package RWildbook

Last updated on 2020-05-31 11:46:59 CEST.

Flavor Version Tinstall Tcheck Ttotal Status Flags
r-devel-linux-x86_64-debian-clang 0.9.3 8.57 94.39 102.96 OK
r-devel-linux-x86_64-debian-gcc 0.9.3 8.50 71.63 80.13 OK
r-devel-linux-x86_64-fedora-clang 0.9.3 128.59 NOTE
r-devel-linux-x86_64-fedora-gcc 0.9.3 123.23 NOTE
r-devel-windows-ix86+x86_64 0.9.3 27.00 147.00 174.00 OK
r-patched-linux-x86_64 0.9.3 9.86 92.24 102.10 OK
r-patched-solaris-x86 0.9.3 185.00 NOTE
r-release-linux-x86_64 0.9.3 9.03 92.64 101.67 OK
r-release-osx-x86_64 0.9.3 NOTE
r-release-windows-ix86+x86_64 0.9.3 21.00 114.00 135.00 OK
r-oldrel-osx-x86_64 0.9.3 NOTE
r-oldrel-windows-ix86+x86_64 0.9.3 18.00 103.00 121.00 OK

Check Details

Version: 0.9.3
Check: data for non-ASCII characters
Result: NOTE
     Note: found 6 marked UTF-8 strings
Flavors: r-devel-linux-x86_64-fedora-clang, r-devel-linux-x86_64-fedora-gcc, r-patched-solaris-x86, r-release-osx-x86_64, r-oldrel-osx-x86_64