CRAN Package Check Results for Package RiemBaseExt

Last updated on 2020-03-31 23:47:19 CEST.

Flavor Version Tinstall Tcheck Ttotal Status Flags
r-devel-linux-x86_64-debian-clang 0.1.2 92.37 50.56 142.93 OK
r-devel-linux-x86_64-debian-gcc 0.1.2 66.19 39.42 105.61 OK
r-devel-linux-x86_64-fedora-clang 0.1.2 198.80 NOTE
r-devel-linux-x86_64-fedora-gcc 0.1.2 182.32 OK
r-devel-windows-ix86+x86_64 0.1.1 144.00 88.00 232.00 OK
r-devel-windows-ix86+x86_64-gcc8 0.1.2 162.00 94.00 256.00 OK
r-patched-linux-x86_64 0.1.2 73.65 48.78 122.43 OK
r-patched-solaris-x86 0.1.2 191.60 OK
r-release-linux-x86_64 0.1.2 73.75 44.80 118.55 OK
r-release-windows-ix86+x86_64 0.1.2 211.00 131.00 342.00 OK
r-release-osx-x86_64 0.1.2 OK
r-oldrel-windows-ix86+x86_64 0.1.2 138.00 97.00 235.00 OK
r-oldrel-osx-x86_64 0.1.2 OK

Check Details

Version: 0.1.2
Check: installed package size
Result: NOTE
     installed size is 7.1Mb
     sub-directories of 1Mb or more:
     libs 6.9Mb
Flavor: r-devel-linux-x86_64-fedora-clang