CRAN Package Check Results for Package Riex

Last updated on 2020-07-13 23:49:49 CEST.

Flavor Version Tinstall Tcheck Ttotal Status Flags
r-devel-linux-x86_64-debian-clang 1.0.1 9.99 83.44 93.43 OK
r-devel-linux-x86_64-debian-gcc 1.0.1 8.05 62.86 70.91 OK
r-devel-linux-x86_64-fedora-clang 1.0.1 130.56 OK
r-devel-linux-x86_64-fedora-gcc 1.0.1 115.54 OK
r-devel-windows-ix86+x86_64 1.0.1 23.00 101.00 124.00 OK
r-patched-linux-x86_64 1.0.1 8.43 78.50 86.93 OK
r-patched-solaris-x86 1.0.1 162.60 OK
r-release-linux-x86_64 1.0.1 9.98 81.16 91.14 OK
r-release-macos-x86_64 1.0.1 ERROR
r-release-windows-ix86+x86_64 1.0.1 38.00 133.00 171.00 OK
r-oldrel-macos-x86_64 1.0.1 OK
r-oldrel-windows-ix86+x86_64 1.0.1 22.00 94.00 116.00 OK

Check Details

Version: 1.0.1
Check: whether package can be installed
Result: ERROR
    Installation failed.
Flavor: r-release-macos-x86_64