CRAN Package Check Results for Package RmixmodCombi

Last updated on 2020-03-29 19:48:42 CEST.

Flavor Version Tinstall Tcheck Ttotal Status Flags
r-devel-linux-x86_64-debian-clang 1.0 NOTE
r-devel-linux-x86_64-debian-gcc 1.0 6.41 33.84 40.25 NOTE
r-devel-linux-x86_64-fedora-clang 1.0 64.67 WARN
r-devel-linux-x86_64-fedora-gcc 1.0 64.74 NOTE
r-devel-windows-ix86+x86_64 1.0 14.00 57.00 71.00 NOTE
r-devel-windows-ix86+x86_64-gcc8 1.0 15.00 62.00 77.00 NOTE
r-patched-linux-x86_64 1.0 7.55 42.09 49.64 NOTE
r-patched-solaris-x86 1.0 99.00 NOTE
r-release-linux-x86_64 1.0 4.81 38.96 43.77 NOTE
r-release-windows-ix86+x86_64 1.0 13.00 83.00 96.00 NOTE
r-release-osx-x86_64 1.0 NOTE
r-oldrel-windows-ix86+x86_64 1.0 10.00 72.00 82.00 NOTE
r-oldrel-osx-x86_64 1.0 NOTE

Check Details

Version: 1.0
Check: R code for possible problems
Result: NOTE
    Combi: no visible global function definition for 'new'
    barplotMixCluster: no visible global function definition for 'is'
    barplotMixCluster: no visible global function definition for 'par'
    barplotMixCluster: no visible global function definition for 'lines'
    barplotMixCluster: no visible global function definition for 'text'
    barplotMixCluster: no visible global function definition for 'title'
    barplotMixCluster: no visible global function definition for 'mtext'
    histMixCluster: no visible global function definition for 'is'
    histMixCluster: no visible global function definition for 'par'
    histMixCluster: no visible global function definition for 'dnorm'
    histMixCluster: no visible global function definition for 'lines'
    mixmodEntPlot: no visible global function definition for 'par'
    mixmodEntPlot: no visible global function definition for 'lines'
    mixmodEntPlot: no visible global function definition for 'axis'
    mixmodEntPlot: no visible global function definition for 'title'
    mixmodEntPlot: no visible binding for global variable 'par'
    plot,MixmodCombi: no visible global function definition for 'par'
    plot,MixmodCombi: no visible global function definition for 'plot.new'
    plot,MixmodCombi: no visible global function definition for 'title'
    Undefined global functions or variables:
     axis dnorm is lines mtext new par plot.new text title
    Consider adding
     importFrom("graphics", "axis", "lines", "mtext", "par", "plot.new",
     "text", "title")
     importFrom("methods", "is", "new")
     importFrom("stats", "dnorm")
    to your NAMESPACE file (and ensure that your DESCRIPTION Imports field
    contains 'methods').
Flavors: r-devel-linux-x86_64-debian-clang, r-devel-linux-x86_64-debian-gcc, r-devel-linux-x86_64-fedora-clang, r-devel-linux-x86_64-fedora-gcc, r-devel-windows-ix86+x86_64, r-devel-windows-ix86+x86_64-gcc8, r-patched-linux-x86_64, r-patched-solaris-x86, r-release-linux-x86_64, r-release-windows-ix86+x86_64, r-release-osx-x86_64, r-oldrel-windows-ix86+x86_64, r-oldrel-osx-x86_64

Version: 1.0
Check: package dependencies
Result: WARN
    Requires orphaned package: ‘Rmixmod’
Flavor: r-devel-linux-x86_64-fedora-clang