CRAN Package Check Results for Package SelvarMix

Last updated on 2020-01-22 11:50:34 CET.

Flavor Version Tinstall Tcheck Ttotal Status Flags
r-devel-linux-x86_64-debian-clang 1.2.1 142.59 31.92 174.51 OK
r-devel-linux-x86_64-debian-gcc 1.2.1 101.01 25.33 126.34 OK
r-devel-linux-x86_64-fedora-clang 1.2.1 240.66 WARN
r-devel-linux-x86_64-fedora-gcc 1.2.1 242.64 OK
r-devel-windows-ix86+x86_64 1.2.1 358.00 84.00 442.00 OK
r-devel-windows-ix86+x86_64-gcc8 1.2.1 374.00 66.00 440.00 OK
r-patched-linux-x86_64 1.2.1 114.05 29.33 143.38 OK
r-patched-solaris-x86 1.2.1 208.30 OK
r-release-linux-x86_64 1.2.1 112.04 29.80 141.84 OK
r-release-windows-ix86+x86_64 1.2.1 244.00 84.00 328.00 OK
r-release-osx-x86_64 1.2.1 OK
r-oldrel-windows-ix86+x86_64 1.2.1 219.00 63.00 282.00 OK
r-oldrel-osx-x86_64 1.2.1 OK

Check Details

Version: 1.2.1
Check: package dependencies
Result: WARN
    Requires orphaned package: ‘Rmixmod’
Flavor: r-devel-linux-x86_64-fedora-clang

Version: 1.2.1
Check: installed package size
Result: NOTE
     installed size is 6.1Mb
     sub-directories of 1Mb or more:
     libs 5.9Mb
Flavor: r-devel-linux-x86_64-fedora-clang