CRAN Package Check Results for Package SharpeR

Last updated on 2020-07-13 23:49:52 CEST.

Flavor Version Tinstall Tcheck Ttotal Status Flags
r-devel-linux-x86_64-debian-clang 1.2.1 5.59 160.42 166.01 OK
r-devel-linux-x86_64-debian-gcc 1.2.1 4.74 118.75 123.49 OK
r-devel-linux-x86_64-fedora-clang 1.2.1 203.10 OK
r-devel-linux-x86_64-fedora-gcc 1.2.1 201.63 OK
r-devel-windows-ix86+x86_64 1.2.1 13.00 249.00 262.00 OK
r-patched-linux-x86_64 1.2.1 7.05 156.32 163.37 OK
r-patched-solaris-x86 1.2.1 237.70 OK
r-release-linux-x86_64 1.2.1 6.47 156.22 162.69 OK
r-release-macos-x86_64 1.2.1 ERROR
r-release-windows-ix86+x86_64 1.2.1 16.00 234.00 250.00 OK
r-oldrel-macos-x86_64 1.2.1 OK
r-oldrel-windows-ix86+x86_64 1.2.1 14.00 177.00 191.00 OK

Check Details

Version: 1.2.1
Check: whether package can be installed
Result: ERROR
    Installation failed.
Flavor: r-release-macos-x86_64